 - 14) + -2 + 6.
-6
(-15 - -10) + (6 - 6)
-5
What is -1 - ((3 - 0) + -1 - 3)?
0
-12 + 10 - (6 - 0)
-8
Calculate -10 + 1 + -5 - -7.
-7
What is the value of (2 - 6) + (-35 - -35)?
-4
Evaluate 8 - (-3 - (-9 + -2)).
0
What is -10 - -12 - 11 - -11?
2
What is the value of -2 + 0 + 1 + 4 + -3?
0
What is 3 + (4 - (5 + -5 + 5))?
2
Evaluate 1 - (-1 - (0 - 2)).
0
(6 + 3 - 2) + -4
3
Calculate (0 - ((2 - 0) + -2)) + 0.
0
Evaluate 5 + -6 + -3 + 5.
1
5 + 8 + -5 + -9
-1
Evaluate 4 + -6 + 3 + -5.
-4
Calculate (-2 - (-3 + 0)) + -3.
-2
What is the value of -2 - -2 - (-6 + 2)?
4
What is the value of -6 + 15 + -10 + 9?
8
Evaluate (-1 - (-2 + -2)) + 2.
5
What is the value of 2 - (6 + -2 + -7 + 11)?
-6
What is 3 + 5 + (-5 - -2)?
5
What is (-2 - 2) + 5 + -2 + 5?
4
Calculate -3 - (5 + -6 + -4).
2
What is (4 - (6 - 3)) + 0?
1
What is the value of 0 + 2 - (11 - 7)?
-2
Calculate (-5 - -2) + -2 + 76 + -72.
-1
(8 + -15 - -3) + 8
4
What is 0 - ((-1 - -4) + (23 - 23))?
-3
What is (4 - 5) + -3 - -4?
0
Calculate (6 - (5 + 2)) + 2.
1
What is the value of -3 - ((4 - (0 - 0)) + -3)?
-4
(-1 - 3) + (6 - 3) - -3
2
Evaluate -5 - -5 - 0 - -1 - 3.
-2
Calculate (2 - (0 - -5)) + (8 - 9).
-4
What is the value of -7 - ((2 - 5) + (-2 - -2))?
-4
What is 5 - 18 - (-19 + 4)?
2
Calculate (-2 + 0 - -1) + -4 - 0.
-5
Calculate 1 + (-4 - -10) + -5.
2
Evaluate (-18 - -15) + -2 + 7.
2
6 - 11 - (0 + -3) - 1
-3
What is the value of -7 - (0 + 2 - (-10 + 16))?
-3
Evaluate 7 - (-6 + 3 - -3 - -2).
5
What is 4 + 0 + -8 + 4?
0
-2 + (4 - (6 - -1 - -1))
-6
What is (4 - 7) + 7 + -6?
-2
What is the value of -2 - ((0 + 5 - 8) + -2)?
3
-1 + 0 + (-19 - -20) + -4
-4
6 + (3 - 11) + 6 + 0
4
Calculate 6 + -1 - (16 - 12).
1
What is the value of (-5 - (-3 + 1)) + -2 - -3?
-2
Evaluate (2 - 5 - 6 - -2) + 1.
-6
Calculate 0 + -2 + 3 + 1.
2
3 - (6 + -7) - (0 - -3)
1
What is (-1 - 3) + 9 + (-8 - -5)?
2
(6 - -1) + -9 - 2 - -10
6
Evaluate (-20 + 11 - 5) + 10.
-4
0 + (4 + 1 - 5)
0
Calculate (1 - 3) + (5 - 2).
1
Calculate (10 + -7 - 6) + 3.
0
Calculate 3 + -1 - 2 - -4.
4
What is the value of 0 + ((-4 - 2) + 2 - -2)?
-2
Evaluate -6 - (8 - (14 + -8)).
-8
What is -1 + 3 - (48 - 51) - 15?
-10
What is (6 - 12) + (3 - -1 - 0)?
-2
Calculate 1 - (-1 - (0 - 4)).
-2
6 + 2 + -3 + -6 + 1
0
(-9 - -9) + 3 - 5
-2
0 - 4 - (2 - 3) - -7
4
-25 + (15 - (3 - 3))
-10
What is the value of 4 + 1 - (-14 - -17)?
2
What is 3 + (1 + -5 - -6)?
5
What is the value of (-4 - (-7 - -4)) + 0?
-1
Evaluate 12 - 4 - (14 - -1).
-7
What is the value of (-71 - -56) + (7 - 0)?
-8
(-7 - -3) + (0 - -10)
6
What is 0 + (1 + -3 - -5)?
3
What is -4 + (-2 - -3) - -4 - 0?
1
Calculate -11 - (-3 + (7 - 13)).
-2
Evaluate 19 + -10 + -12 + 1.
-2
What is the value of -3 + (-2 - (22 - 8) - -9)?
-10
What is 8 - (-3 - (-3 + -4)) - 6?
-2
-10 + (10 - 2) + 6
4
Evaluate 0 + (-1 - (5 + -11)) - 2.
3
What is the value of 4 + (2 - 3) + -2?
1
What is the value of -11 + -10 + 1 + 21?
1
(-1 - (-2 - (2 - 2))) + -5
-4
2 - (-5 - -9) - -8
6
Calculate 6 + -2 + -7 - 2.
-5
What is -4 - -3 - (0 + -2)?
1
Calculate -8 + 8 + 6 - 8.
-2
What is the value of 9 + -3 + -2 + -1?
3
What is the value of -10 - (-5 + (-4 - -2) + -1)?
-2
What is the value of 3 - 4 - (4 + -7 + 7)?
-5
Evaluate 2 - (5 + -6 + -7 + 3).
7
Evaluate -3 - ((-6 - -3) + 1).
-1
5 + -9 + (13 - 4) + -2
3
Evaluate -11 + 8 + 1 + 2.
0
What is the value of -4 - (4 + -10 + -2)?
4
What is -8 + (-7 - (-11 - 2))?
-2
What is 13 - (6 - (13 - 13))?
7
Evaluate 9 + -7 - (-1 + 1).
2
What is 9 + 0 + -1 + 2 + -5?
5
-3 - (-4 - (-1 + 1))
1
What is the value of 9 - ((-6 - -5) + (7 - 3))?
6
-4 + 6 - (-4 - (2 - 7))
1
What is the value of -13 + 10 + -7 - (1 + 0)?
-11
Calculate (0 - 2) + (4 - -7 - 4).
5
Evaluate (108 - 93) + (0 - 7).
8
What is (10 + -23 - -10) + 6?
3
6 + -3 + (0 - (2 - 4))
5
Calculate -1 + (-4 - (-1 - 1)) - 1.
-4
What is 5 + 8 + -10 + 0?
3
Calculate (-6 - (-6 + 4)) + 10.
6
Evaluate 5 + 0 + (-33 - -30).
2
What is (-5 - (-6 + 5 + -2)) + 0?
-2
11 - 3 - (2 + -1 + 1)
6
What is the value of (1 - 0) + (-2 - (1 - 2))?
0
Calculate -2 - -9 - (-13 + 20).
0
What is -2 + -1 - (-11 + 8) - 2?
-2
Calculate 4 - (-5 + 7 - 0).
2
What is the value of -8 + 8 + (2 - 3)?
-1
Evaluate (1 + (6 - -2) - 7) + -7.
-5
Evaluate 0 - (-2 - ((-3 - 1) + 3)).
1
What is (-1 - 6) + (7 - 4) + -1?
-5
Calculate -4 + (1 - 4 - -2).
-5
-8 - ((9 - 4) + -6)
-7
What is the value of -2 + 13 - (9 - 1 - 2)?
5
(2 - 1) + 4 + (-26 - -23)
2
What is the value of -3 + 4 + -12 + 16?
5
(53 - 49) + (-2 - -4 - 8)
-2
-5 - 6 - (9 - 19)
-1
What is (-1 - (0 - -2)) + (-7 - -10)?
0
2 + 0 - (-18 + 6 - -13)
1
What is 7 + -10 + (0 - 0) - -4?
1
What is the value of (-12 + 7 - -6) + -1 + -2?
-2
What is 12 - ((5 - 5) + 7)?
5
What is the value of (-1 - -7) + -6 + -4?
-4
What is -4 - (-7 - (2 + -8 + 3))?
0
What is 37 - 32 - (1 - (2 - -3))?
9
Calculate -3 - -1 - (-1 - (-4 + 0)).
-5
Calculate (-15 - -16) + 15 + (1 - 8).
9
Evaluate (-3 - -3 - -2) + 2.
4
What is 48 + -51 - (1 + (-1 - 7))?
4
What is 14 + (2 - 7) - 4?
5
Evaluate 7 + -14 + (-3 - 3 - -6).
-7
12 + 0 + (-191 - -172)
-7
What is 1 - 0 - (2 - 4 - -7)?
-4
Evaluate 4 - (7 + -2 - 11) - 3.
7
21 - 26 - ((0 - 9) + -1)
5
What is 6 + 2 - (4 + -7 - -6)?
5
-6 - ((-4 - -4) + -10)
4
What is (5 - -2) + 0 + -2?
5
21 + -18 + 0 + -1
2
What is the value of 3 + -7 + 10 + -4?
2
What is 14 - 15 - (0 + -2 + 6)?
-5
What is the value of -3 - (-1 - -2 - (17 + -15))?
-2
What is the value of -8 + 4 + 1 - (0 + -7)?
4
What is -1 + 2 + (-4 - 2)?
-5
-6 - -19 - (5 - (-1 - 0))
7
Calculate (11 - 6) + -6 + (-4 - -7).
2
Evaluate 1 - -10 - (-9 - (4 + -16)).
8
What is the value of -7 + (-6 - (1 + -17)) - -5?
8
-6 + (-3 - (-18 - -8))
1
What is 3 + 10 + -4 + -2 + 1?
8
What is -1 - (3 - (2 + -3 + 0))?
-5
What is 3 - (0 - 5 - (1 - 13))?
-4
Calculate (-5 - 6) + (-1 + -6 - -9).
-9
9 + -17 + 8 - -7
7
Evaluate 12 + -9 - 10 - (0 + -6).
-1
What is -10 + (6 - 1 - 0)?
-5
2 - (0 - -6) - 2
-6
Calculate 3 + -2 + 2 + -5 + 1.
-1
Calculate 0 - (6 - (5 - 2)).
-3
Calculate 6 + -5 + 8 + (0 - 5).
4
-3 - (-9 - -9 - 10)
7
Evaluate -4 + 9 - (2 - 0).
3
What is -2 - (-3 - 0) - 5 - 1?
-5
(-1 - -1) + 2 + -1
1
What is the value of 6 - (-2 + 10 - 1) - -3?
2
What is 0 + -2 - (5 + (3 - 12))?
2
What is the value of 7 + -13 + 12 - (-1 - -2)?
5
Calculate 2 + -1 + 2 - (8 + -8).
3
Calculate -5 + 4 + -2 - 2.
-5
Evaluate -1 - (-2 + 3) - (0 + 2).
-4
What is -8 + 5 + 5 - -1?
3
Evaluate -2 - (-12 + 7 + (-1 - 0)).
4
What is the value of -6 - (2 + (-5 - 4) + 4)?
-3
What is (0 - 4) + 3 + 3?
2
Evaluate (-4 + 1 + 4 - -1) + -7.
-5
What is the value of 10 + (-5 + (1 - 2) - -2)?
6
What is the value of 1 - ((1 - 5) + 5)?
0
What is 10 + (3 - 3) + -6?
4
What is the value of -2 + -9 + -1 + 6?
-6
What is (-6 - (-7 - -10)) + 2?
-7
Calculate 22 - 13 - (-5 + 14).
0
What is -24 + 22 - (0 + 0 - -1)?
-3
Calculate -2 + 0 + -7 + (2 - 1).
-8
Calculate 0 + 5 + 1 + -8 - 0.
-2
Evaluate -11 + (1 - 2) + 12.
0
Evaluate 4 + (2 + 1 - (-2 + 5)).
4
-6 - (4 - 3 - -2 - 6)
-3
What is -5 + 7 + -1 - -4 - 8?
-3
What is the value of -3 + (0 - (-4 + -6))?
7
What is the value of -9 + (6 - -3 - -4)?
4
What is the value of (-1 - -3) + -13 + 3 + 5?
-3
Evaluate (-2 - -4) + -8 - (182 + -188).
0
-7 + -1 + -1 + 8
-1
What is the value of -4 - (2 - (5 - (4 - 3)))?
-2
4 - (2 + 3) - 3
-4
Calculate 4 + (-4 - 2 - -3) + 1.
2
Evaluate 0 + 3 - (-3 + -3).
9
What is the value of 1 - (4 + -8 + -4 + 5)?
4
-4 - (1 - (4 + -6)) - -2
-5
Calculate -9 - (-27 - -18) - (0 + -2).
2
0 + -13 - (20 + -27)
-6
What is 5 + ((1 - -2) + -7 - 5)?
-4
What is (43 - 43 - (-3 - -2)) + -7?
-6
What is 3 + -6 + 8 + -7 + 0?
-2
What is -2 - (6 - (16 + -2))?
6
Evaluate -38 + 39 - (-1 - 2).
4
What is the value of 0 + 5 - (24 - 19)?
0
What is the value of 1 + (6 - 9) + 6?
4
Evaluate (-1 - -4) + 8 - 10.
1
Calculate 6 + (-28 - -18 - (-2 - -4)).
-6
3 - (-2 - -5) - (6 - 9)
3
Evaluate 16 + -11 - 10 - (-1 + 3).
-7
3 - (-3 + 4) - 2
0
What is the value of -7 + 12 + -10 - 0?
-5
Evaluate (2 - -2) + 2 + -1.
5
What is (-8 + 2 - -5) + 5?
4
What is the value of (-31 - -17) + -3 + 11?
-6
What is the value of 0 + 3 + (-2 - (5 - 7))?
3
(4 - 8) + -8 + 6
-6
Calculate -11 + 3 - (-5 + 2).
-5
Evaluate 1 + -2 + (-1 - (0 + -3)).
1
Evaluate (0 - 3) + (2 - (-5 + 7)).
-3
4 + (-5 - (4 + -3))
-2
What is the value of 1 - 5 - (-20 + 18)?
-2
What is -11 + 23 + -6 + -2?
